{"id":3819,"date":"2024-07-24T14:15:16","date_gmt":"2024-07-24T14:15:16","guid":{"rendered":"https:\/\/e3media.mx\/proyectos\/todoparasuobra\/?post_type=product&#038;p=3819"},"modified":"2024-07-24T14:15:18","modified_gmt":"2024-07-24T14:15:18","slug":"panel-de-yeso-fire-rey-c-resistencia-al-fuego","status":"publish","type":"product","link":"https:\/\/e3media.mx\/proyectos\/todoparasuobra\/producto\/panel-de-yeso-fire-rey-c-resistencia-al-fuego\/","title":{"rendered":"Panel de Yeso Fire Rey C: Resistencia al Fuego"},"content":{"rendered":"<p>Panel a prueba de fuego para interiores, con fibras que resisten temperaturas elevadas y aditivos especiales que brindan un mayor desempe\u00f1o.<\/p>\n<p>El panel Tipo C posee un n\u00facleo incombustible hecho esencialmente de yeso, reforzado con fibras resistentes a temperaturas elevadas y aditivos especiales para proporcionar una mayor resistencia y desempe\u00f1o contra el comparado con un producto RF tradicional.<\/p>\n<p>Est\u00e1 cubierto por ambos lados con papel 100% reciclado. El papel de la cara cubre las orillas biseladas del panel a todo lo largo para mayor fortalecimiento y protecci\u00f3n del n\u00facleo. Los extremos est\u00e1n cuidadosamente esmerilados en corte cuadrado.<\/p>\n<p>Este panel se ofrece en una variedad de longitudes y espesores de 1\/2\u201d y 5\/8\u201d.<\/p>\n","protected":false},"excerpt":{"rendered":"<p>Panel a prueba de fuego para interiores, con fibras que resisten temperaturas elevadas y aditivos especiales que brindan un mayor desempe\u00f1o. El panel Tipo C posee un n\u00facleo incombustible hecho esencialmente de yeso, reforzado con fibras resistentes a temperaturas elevadas y aditivos especiales para proporcionar una mayor resistencia y desempe\u00f1o contra el comparado con un&#8230;<\/p>\n","protected":false},"featured_media":3820,"template":"","meta":[],"product_cat":[55],"product_tag":[],"class_list":{"0":"post-3819","1":"product","2":"type-product","3":"status-publish","4":"has-post-thumbnail","6":"product_cat-construccion-ligera","8":"first","9":"instock","10":"shipping-taxable","11":"product-type-simple"},"_links":{"self":[{"href":"https:\/\/e3media.mx\/proyectos\/todoparasuobra\/wp-json\/wp\/v2\/product\/3819","targetHints":{"allow":["GET"]}}],"collection":[{"href":"https:\/\/e3media.mx\/proyectos\/todoparasuobra\/wp-json\/wp\/v2\/product"}],"about":[{"href":"https:\/\/e3media.mx\/proyectos\/todoparasuobra\/wp-json\/wp\/v2\/types\/product"}],"version-history":[{"count":1,"href":"https:\/\/e3media.mx\/proyectos\/todoparasuobra\/wp-json\/wp\/v2\/product\/3819\/revisions"}],"predecessor-version":[{"id":3821,"href":"https:\/\/e3media.mx\/proyectos\/todoparasuobra\/wp-json\/wp\/v2\/product\/3819\/revisions\/3821"}],"wp:featuredmedia":[{"embeddable":true,"href":"https:\/\/e3media.mx\/proyectos\/todoparasuobra\/wp-json\/wp\/v2\/media\/3820"}],"wp:attachment":[{"href":"https:\/\/e3media.mx\/proyectos\/todoparasuobra\/wp-json\/wp\/v2\/media?parent=3819"}],"wp:term":[{"taxonomy":"product_cat","embeddable":true,"href":"https:\/\/e3media.mx\/proyectos\/todoparasuobra\/wp-json\/wp\/v2\/product_cat?post=3819"},{"taxonomy":"product_tag","embeddable":true,"href":"https:\/\/e3media.mx\/proyectos\/todoparasuobra\/wp-json\/wp\/v2\/product_tag?post=3819"}],"curies":[{"name":"wp","href":"https:\/\/api.w.org\/{rel}","templated":true}]}}