{"id":3763,"date":"2024-07-24T13:14:32","date_gmt":"2024-07-24T13:14:32","guid":{"rendered":"https:\/\/e3media.mx\/proyectos\/todoparasuobra\/?post_type=product&#038;p=3763"},"modified":"2024-07-24T13:14:32","modified_gmt":"2024-07-24T13:14:32","slug":"epoxibond-liquido","status":"publish","type":"product","link":"https:\/\/e3media.mx\/proyectos\/todoparasuobra\/producto\/epoxibond-liquido\/","title":{"rendered":"Epoxibond L\u00edquido"},"content":{"rendered":"<p>Es un adhesivo ep\u00f3xico de dos componentes, 100% s\u00f3lidos y libre de solventes en presentaci\u00f3n l\u00edquida.<br \/>\nCumple con la norma ASTM C\u2013 881, TIPO V, GRADO 1 Y CLASE C.<\/p>\n<h3>Usos<\/h3>\n<p>Como adhesivo entre concretos viejos y nuevos.<br \/>\nPara reparar piezas agrietadas o fisuradas, mediante inyecci\u00f3n directa.<br \/>\nComo adhesivo para concreto endurecido a fresco, evitando juntas fr\u00edas.<br \/>\nPara unir materiales como: acero, madera, concreto endurecido y vidrio, entre otros.<br \/>\nPara reparaciones estructurales en trabes, columnas, losas y muros, etc\u00e9tera.<br \/>\nComo recubrimiento transparente en pisos, muros y elementos de concreto.<br \/>\nComo sellador de cavidades y grietas inactivas en elementos estructurales, tales como placas, muros, columnas y vigas.<\/p>\n<h3>Ventajas<\/h3>\n<p>\u2022 Excelente uni\u00f3n entre concretos existentes y colados nuevos.<br \/>\n\u2022 R\u00e1pido desarrollo de resistencia: 90% en 24 horas.<br \/>\n\u2022 Libre de contracciones.<br \/>\n\u2022 No sufre afectaci\u00f3n por el ataque de \u00e1cidos, sales, solventes o alcalinidad.<br \/>\n\u2022 Libre de solventes.<br \/>\n\u2022 Resistencia a la compresi\u00f3n superior a la del concreto.<br \/>\n\u2022 F\u00e1cil de mezclar.<\/p>\n<h3>Aplicaci\u00f3n<\/h3>\n<p>Mezcle perfectamente los componentes A y B hasta obtener una consistencia uniforme.<br \/>\nAplique con brocha o cepillo de pelo, cubriendo totalmente la superficie y penetrando en todas las irregularidades. Inmediatamente coloque la mezcla de concreto fresco a unir.<\/p>\n<h3>Rendimiento<\/h3>\n<p>1 litro rinde de 6 a 8 m2<\/p>\n<h3>Presentaci\u00f3n<\/h3>\n<p>\u2022 Juego de 2 componentes de 4L<br \/>\n\u2022 Juego de 2 componentes de 1L<\/p>\n","protected":false},"excerpt":{"rendered":"<p>Es un adhesivo ep\u00f3xico de dos componentes, 100% s\u00f3lidos y libre de solventes en presentaci\u00f3n l\u00edquida. Cumple con la norma ASTM C\u2013 881, TIPO V, GRADO 1 Y CLASE C. Usos Como adhesivo entre concretos viejos y nuevos. Para reparar piezas agrietadas o fisuradas, mediante inyecci\u00f3n directa. Como adhesivo para concreto endurecido a fresco, evitando&#8230;<\/p>\n","protected":false},"featured_media":3764,"template":"","meta":[],"product_cat":[53],"product_tag":[],"class_list":{"0":"post-3763","1":"product","2":"type-product","3":"status-publish","4":"has-post-thumbnail","6":"product_cat-aditivos-morteros-e-impermebilizantes","8":"first","9":"instock","10":"shipping-taxable","11":"product-type-simple"},"_links":{"self":[{"href":"https:\/\/e3media.mx\/proyectos\/todoparasuobra\/wp-json\/wp\/v2\/product\/3763","targetHints":{"allow":["GET"]}}],"collection":[{"href":"https:\/\/e3media.mx\/proyectos\/todoparasuobra\/wp-json\/wp\/v2\/product"}],"about":[{"href":"https:\/\/e3media.mx\/proyectos\/todoparasuobra\/wp-json\/wp\/v2\/types\/product"}],"version-history":[{"count":1,"href":"https:\/\/e3media.mx\/proyectos\/todoparasuobra\/wp-json\/wp\/v2\/product\/3763\/revisions"}],"predecessor-version":[{"id":3765,"href":"https:\/\/e3media.mx\/proyectos\/todoparasuobra\/wp-json\/wp\/v2\/product\/3763\/revisions\/3765"}],"wp:featuredmedia":[{"embeddable":true,"href":"https:\/\/e3media.mx\/proyectos\/todoparasuobra\/wp-json\/wp\/v2\/media\/3764"}],"wp:attachment":[{"href":"https:\/\/e3media.mx\/proyectos\/todoparasuobra\/wp-json\/wp\/v2\/media?parent=3763"}],"wp:term":[{"taxonomy":"product_cat","embeddable":true,"href":"https:\/\/e3media.mx\/proyectos\/todoparasuobra\/wp-json\/wp\/v2\/product_cat?post=3763"},{"taxonomy":"product_tag","embeddable":true,"href":"https:\/\/e3media.mx\/proyectos\/todoparasuobra\/wp-json\/wp\/v2\/product_tag?post=3763"}],"curies":[{"name":"wp","href":"https:\/\/api.w.org\/{rel}","templated":true}]}}