{"id":3714,"date":"2024-07-24T12:40:23","date_gmt":"2024-07-24T12:40:23","guid":{"rendered":"https:\/\/e3media.mx\/proyectos\/todoparasuobra\/?post_type=product&#038;p=3714"},"modified":"2024-07-24T12:40:23","modified_gmt":"2024-07-24T12:40:23","slug":"gran-formato-cemix","status":"publish","type":"product","link":"https:\/\/e3media.mx\/proyectos\/todoparasuobra\/producto\/gran-formato-cemix\/","title":{"rendered":"Gran Formato Cemix"},"content":{"rendered":"<p><strong>Adhesivo reforzado para porcelanato y piedra natural<\/strong><\/p>\n<ul>\n<li>Para pegar revestimiento cer\u00e1mico o porcelanato en formato mayor a 60 x 60 cm o formato tipo duela<\/li>\n<li>Gran Formato Cemix soporta el peso del revestimiento sin hundirse o deslizarse<\/li>\n<li>Amplio rango de trabajo en espesores desde 5 mm hasta 19 mm despu\u00e9s de compactado.<\/li>\n<\/ul>\n<p><strong>Presentaci\u00f3n:<\/strong>\u00a020 kg<br \/>\n<strong>Color:<\/strong>\u00a0Blanco<\/p>\n<h3>Usos recomendados de Gran Formato Cemix<\/h3>\n<ul>\n<li aria-level=\"1\">Colocaci\u00f3n de pisos de gran formato ya sea piedras naturales, porcelanato, o cer\u00e1micos.<\/li>\n<li aria-level=\"1\">Uso interior y\/o exterior en pisos y muros, en \u00e1reas residenciales y comerciales con todo tipo de tr\u00e1fico peatonal intenso y de autom\u00f3viles (no de carga).<\/li>\n<\/ul>\n<h3>Ventajas del adhesivo reforzado Gran Formato Cemix<\/h3>\n<ul>\n<li aria-level=\"1\">Facilita la instalaci\u00f3n de losetas de formatos grandes y pesados en pisos, ya sean de piedra natural, porcelanato o cer\u00e1mica, para entregar una superficie nivelada de manera m\u00e1s r\u00e1pida.<\/li>\n<li aria-level=\"1\">Amplio rango de trabajo en espesores desde 5mm hasta 20 mm ya con la pieza colocada.<\/li>\n<li aria-level=\"1\">Tiene un tiempo abierto extendido para asegurar la adecuada transferencia de adhesivo fresco hacia el recubrimiento logrando un mejor desempe\u00f1o.<\/li>\n<li aria-level=\"1\">Contiene aditivos qu\u00edmicos especiales para facilitar la instalaci\u00f3n de loseta cer\u00e1mica bien alineada en muros, y bien nivelada en pisos.<\/li>\n<\/ul>\n<h3>Preparaci\u00f3n de la superficie para Gran Formato Cemix<\/h3>\n<ul>\n<li aria-level=\"1\">Toda superficie debe estar limpia, seca, nivelada y plana, no se debe usar el adhesivo Gran Formato Cemix para nivelar.<\/li>\n<li aria-level=\"1\">El sustrato debe ser estable y s\u00f3lido, libre de contaminantes como polvo, aceites, grasas, pinturas, ceras, selladores, desmoldantes, membranas de curado, o cualquier otra substancia que pueda interferir con la adherencia.<\/li>\n<li aria-level=\"1\">El no retirar estos contaminantes de la superficie anula la garant\u00eda del producto.<\/li>\n<li aria-level=\"1\">La temperatura ambiente y de la superficie deber\u00e1n estar entre los 8\u00b0C y los 34\u00b0C durante la instalaci\u00f3n y las 24 horas siguientes, de lo contrario, se deber\u00e1 acondicionar el \u00e1rea de trabajo para no afectar el desempe\u00f1o del adhesivo.<\/li>\n<\/ul>\n<p>M\u00e1s informaci\u00f3n sobre el procedimiento de instalaci\u00f3n y rendimientos del adhesivo\u00a0Gran Formato Cemix\u00a0en la Ficha T\u00e9cnica.<\/p>\n","protected":false},"excerpt":{"rendered":"<p>Adhesivo reforzado para porcelanato y piedra natural Para pegar revestimiento cer\u00e1mico o porcelanato en formato mayor a 60 x 60 cm o formato tipo duela Gran Formato Cemix soporta el peso del revestimiento sin hundirse o deslizarse Amplio rango de trabajo en espesores desde 5 mm hasta 19 mm despu\u00e9s de compactado. Presentaci\u00f3n:\u00a020 kg Color:\u00a0Blanco&#8230;<\/p>\n","protected":false},"featured_media":3715,"template":"","meta":[],"product_cat":[52],"product_tag":[],"class_list":{"0":"post-3714","1":"product","2":"type-product","3":"status-publish","4":"has-post-thumbnail","6":"product_cat-adeshivos-pastas-y-estucos","8":"first","9":"instock","10":"shipping-taxable","11":"product-type-simple"},"_links":{"self":[{"href":"https:\/\/e3media.mx\/proyectos\/todoparasuobra\/wp-json\/wp\/v2\/product\/3714","targetHints":{"allow":["GET"]}}],"collection":[{"href":"https:\/\/e3media.mx\/proyectos\/todoparasuobra\/wp-json\/wp\/v2\/product"}],"about":[{"href":"https:\/\/e3media.mx\/proyectos\/todoparasuobra\/wp-json\/wp\/v2\/types\/product"}],"version-history":[{"count":1,"href":"https:\/\/e3media.mx\/proyectos\/todoparasuobra\/wp-json\/wp\/v2\/product\/3714\/revisions"}],"predecessor-version":[{"id":3716,"href":"https:\/\/e3media.mx\/proyectos\/todoparasuobra\/wp-json\/wp\/v2\/product\/3714\/revisions\/3716"}],"wp:featuredmedia":[{"embeddable":true,"href":"https:\/\/e3media.mx\/proyectos\/todoparasuobra\/wp-json\/wp\/v2\/media\/3715"}],"wp:attachment":[{"href":"https:\/\/e3media.mx\/proyectos\/todoparasuobra\/wp-json\/wp\/v2\/media?parent=3714"}],"wp:term":[{"taxonomy":"product_cat","embeddable":true,"href":"https:\/\/e3media.mx\/proyectos\/todoparasuobra\/wp-json\/wp\/v2\/product_cat?post=3714"},{"taxonomy":"product_tag","embeddable":true,"href":"https:\/\/e3media.mx\/proyectos\/todoparasuobra\/wp-json\/wp\/v2\/product_tag?post=3714"}],"curies":[{"name":"wp","href":"https:\/\/api.w.org\/{rel}","templated":true}]}}