{"id":3711,"date":"2024-07-24T12:38:38","date_gmt":"2024-07-24T12:38:38","guid":{"rendered":"https:\/\/e3media.mx\/proyectos\/todoparasuobra\/?post_type=product&#038;p=3711"},"modified":"2024-07-24T12:38:38","modified_gmt":"2024-07-24T12:38:38","slug":"adhesivo-formato-grande-porcelanato","status":"publish","type":"product","link":"https:\/\/e3media.mx\/proyectos\/todoparasuobra\/producto\/adhesivo-formato-grande-porcelanato\/","title":{"rendered":"Adhesivo Formato Grande Porcelanato"},"content":{"rendered":"<p><strong>Para pegar piezas grandes y pesadas de cer\u00e1mica.<\/strong><\/p>\n<ul>\n<li>Pega piezas cer\u00e1micas y de m\u00e1rmol en formato mayor de 60\u00d760 cm.<\/li>\n<li>Soporta el peso de la pieza sin hundirse o deslizarse.<\/li>\n<li>Nuestro\u00a0adhesivo formato grande\u00a0corrige desniveles de hasta 25 mm.<\/li>\n<\/ul>\n<p><strong>Presentaci\u00f3n:<\/strong>\u00a020 kg<br \/>\n<strong>Color:<\/strong>\u00a0Blanco<\/p>\n<h3>Usos recomendados del adhesivo formato grande porcelanato<\/h3>\n<ul>\n<li aria-level=\"1\">Para pegar revestimientos de alta, media y baja absorci\u00f3n de agua como loseta de cer\u00e1mica en cualquier formato 60 cm x 120 cm o mayor, m\u00e1rmol, fachaletas o losetas de barro.<\/li>\n<li aria-level=\"1\">Uso interior y\/o exterior en pisos y muros, en \u00e1reas residenciales y comerciales con todo tipo de tr\u00e1fico.<\/li>\n<li aria-level=\"1\">Para pisos nuevos en \u00e1reas comerciales de tr\u00e1nsito peatonal intenso.<\/li>\n<\/ul>\n<h3>Ventajas del adhesivo formato grande<\/h3>\n<ul>\n<li aria-level=\"1\">Contiene aditivos qu\u00edmicos especiales para facilitar la instalaci\u00f3n de loseta cer\u00e1mica bien alineada en muros y bien nivelada en pisos.<\/li>\n<li aria-level=\"1\">Consistencia cremosa de f\u00e1cil aplicaci\u00f3n en espesor de cama gruesa de hasta 20 mm.<\/li>\n<li aria-level=\"1\">Tiene un tiempo abierto extendido para asegurar la adecuada transferencia de adhesivo fresco hacia el recubrimiento logrando un mejor desempe\u00f1o.<\/li>\n<\/ul>\n<h3>Preparaci\u00f3n de la superficie para instalar el adhesivo formato grande porcelanato<\/h3>\n<ul>\n<li aria-level=\"1\">Toda superficie debe estar limpia, seca, nivelada y plana.<\/li>\n<li aria-level=\"1\">No se debe usar el adhesivo para nivelar.<\/li>\n<li aria-level=\"1\">El sustrato debe ser estable y s\u00f3lido, libre de contaminantes como polvo, aceite, grasas, pinturas, ceras, selladores, desmoldantes, membranas de curado o cualquier otra sustancia que pueda interferir con la adherencia.<\/li>\n<li aria-level=\"1\">El no retirar estos contaminantes de la superficie anula la garant\u00eda del adhesivo para azulejos formatos grandes.<\/li>\n<li aria-level=\"1\">La temperatura ambiente y de la superficie deber\u00e1n estar entre los 8\u00baC y los 34\u00baC durante la instalaci\u00f3n y las 24 horas siguientes.<\/li>\n<li aria-level=\"1\">De lo contrario, se deber\u00e1 acondicionar el \u00e1rea de trabajo para no afectar el desempe\u00f1o del producto.<\/li>\n<\/ul>\n<p>M\u00e1s informaci\u00f3n sobre el procedimiento de instalaci\u00f3n y rendimientos de nuestro\u00a0adhesivo formato grande porcelanato\u00a0en la Ficha T\u00e9cnica.<\/p>\n","protected":false},"excerpt":{"rendered":"<p>Para pegar piezas grandes y pesadas de cer\u00e1mica. Pega piezas cer\u00e1micas y de m\u00e1rmol en formato mayor de 60\u00d760 cm. Soporta el peso de la pieza sin hundirse o deslizarse. Nuestro\u00a0adhesivo formato grande\u00a0corrige desniveles de hasta 25 mm. Presentaci\u00f3n:\u00a020 kg Color:\u00a0Blanco Usos recomendados del adhesivo formato grande porcelanato Para pegar revestimientos de alta, media y&#8230;<\/p>\n","protected":false},"featured_media":3712,"template":"","meta":[],"product_cat":[52],"product_tag":[],"class_list":{"0":"post-3711","1":"product","2":"type-product","3":"status-publish","4":"has-post-thumbnail","6":"product_cat-adeshivos-pastas-y-estucos","8":"first","9":"instock","10":"shipping-taxable","11":"product-type-simple"},"_links":{"self":[{"href":"https:\/\/e3media.mx\/proyectos\/todoparasuobra\/wp-json\/wp\/v2\/product\/3711","targetHints":{"allow":["GET"]}}],"collection":[{"href":"https:\/\/e3media.mx\/proyectos\/todoparasuobra\/wp-json\/wp\/v2\/product"}],"about":[{"href":"https:\/\/e3media.mx\/proyectos\/todoparasuobra\/wp-json\/wp\/v2\/types\/product"}],"version-history":[{"count":1,"href":"https:\/\/e3media.mx\/proyectos\/todoparasuobra\/wp-json\/wp\/v2\/product\/3711\/revisions"}],"predecessor-version":[{"id":3713,"href":"https:\/\/e3media.mx\/proyectos\/todoparasuobra\/wp-json\/wp\/v2\/product\/3711\/revisions\/3713"}],"wp:featuredmedia":[{"embeddable":true,"href":"https:\/\/e3media.mx\/proyectos\/todoparasuobra\/wp-json\/wp\/v2\/media\/3712"}],"wp:attachment":[{"href":"https:\/\/e3media.mx\/proyectos\/todoparasuobra\/wp-json\/wp\/v2\/media?parent=3711"}],"wp:term":[{"taxonomy":"product_cat","embeddable":true,"href":"https:\/\/e3media.mx\/proyectos\/todoparasuobra\/wp-json\/wp\/v2\/product_cat?post=3711"},{"taxonomy":"product_tag","embeddable":true,"href":"https:\/\/e3media.mx\/proyectos\/todoparasuobra\/wp-json\/wp\/v2\/product_tag?post=3711"}],"curies":[{"name":"wp","href":"https:\/\/api.w.org\/{rel}","templated":true}]}}