{"id":3705,"date":"2024-07-24T12:34:47","date_gmt":"2024-07-24T12:34:47","guid":{"rendered":"https:\/\/e3media.mx\/proyectos\/todoparasuobra\/?post_type=product&#038;p=3705"},"modified":"2024-07-24T12:34:47","modified_gmt":"2024-07-24T12:34:47","slug":"psp-cemix-pega-porcelanato","status":"publish","type":"product","link":"https:\/\/e3media.mx\/proyectos\/todoparasuobra\/producto\/psp-cemix-pega-porcelanato\/","title":{"rendered":"Psp Cemix Pega Porcelanato"},"content":{"rendered":"<p><strong>Poder TOTAL en instalaciones piso sobre piso y zonas de alto tr\u00e1fico.<\/strong><\/p>\n<ul>\n<li>Ideal para pegar piso sobre piso en interiores.<\/li>\n<li>Pega porcelanato, granito, m\u00e1rmol, piedra natural, cer\u00e1mica, vidrio y cantera.<\/li>\n<li>Perfecto para uso residencial y comercial.<\/li>\n<li>Excelente para el tr\u00e1fico peatonal intenso en \u00e1reas comerciales.<\/li>\n<\/ul>\n<p><strong>Presentaci\u00f3n:<\/strong>\u00a020 kg<br \/>\n<strong>Color:<\/strong>\u00a0Blanco y Gris<\/p>\n","protected":false},"excerpt":{"rendered":"<p>Poder TOTAL en instalaciones piso sobre piso y zonas de alto tr\u00e1fico. Ideal para pegar piso sobre piso en interiores. Pega porcelanato, granito, m\u00e1rmol, piedra natural, cer\u00e1mica, vidrio y cantera. Perfecto para uso residencial y comercial. Excelente para el tr\u00e1fico peatonal intenso en \u00e1reas comerciales. Presentaci\u00f3n:\u00a020 kg Color:\u00a0Blanco y Gris<\/p>\n","protected":false},"featured_media":3706,"template":"","meta":[],"product_cat":[52],"product_tag":[],"class_list":{"0":"post-3705","1":"product","2":"type-product","3":"status-publish","4":"has-post-thumbnail","6":"product_cat-adeshivos-pastas-y-estucos","8":"first","9":"instock","10":"shipping-taxable","11":"product-type-simple"},"_links":{"self":[{"href":"https:\/\/e3media.mx\/proyectos\/todoparasuobra\/wp-json\/wp\/v2\/product\/3705","targetHints":{"allow":["GET"]}}],"collection":[{"href":"https:\/\/e3media.mx\/proyectos\/todoparasuobra\/wp-json\/wp\/v2\/product"}],"about":[{"href":"https:\/\/e3media.mx\/proyectos\/todoparasuobra\/wp-json\/wp\/v2\/types\/product"}],"version-history":[{"count":1,"href":"https:\/\/e3media.mx\/proyectos\/todoparasuobra\/wp-json\/wp\/v2\/product\/3705\/revisions"}],"predecessor-version":[{"id":3707,"href":"https:\/\/e3media.mx\/proyectos\/todoparasuobra\/wp-json\/wp\/v2\/product\/3705\/revisions\/3707"}],"wp:featuredmedia":[{"embeddable":true,"href":"https:\/\/e3media.mx\/proyectos\/todoparasuobra\/wp-json\/wp\/v2\/media\/3706"}],"wp:attachment":[{"href":"https:\/\/e3media.mx\/proyectos\/todoparasuobra\/wp-json\/wp\/v2\/media?parent=3705"}],"wp:term":[{"taxonomy":"product_cat","embeddable":true,"href":"https:\/\/e3media.mx\/proyectos\/todoparasuobra\/wp-json\/wp\/v2\/product_cat?post=3705"},{"taxonomy":"product_tag","embeddable":true,"href":"https:\/\/e3media.mx\/proyectos\/todoparasuobra\/wp-json\/wp\/v2\/product_tag?post=3705"}],"curies":[{"name":"wp","href":"https:\/\/api.w.org\/{rel}","templated":true}]}}